k(154).
-85
Let u(d) = -3*d**2 - 234*d - 5172. Determine u(-34).
-684
Let q(n) = 3*n**3 + 159*n**2 - 24*n - 1811. What is q(-53)?
-539
Let y(l) = 117*l**2 - 1399*l - 2. Determine y(12).
58
Let j(u) = 18782*u + 19990. What is j(-1)?
1208
Let d(m) = -80643*m - 241710. What is d(-3)?
219
Let g(w) = -4*w**2 - 84*w + 4712. Determine g(-46).
112
Let c(g) = 2*g**2 - 625*g + 44899. Give c(107).
922
Let l(n) = 408*n**2 + 50600*n + 949. Give l(-124).
-43
Let t(h) = -3*h**2 + 102*h - 433. Give t(10).
287
Let j(d) = d**2 - 1141*d + 310977. Calculate j(450).
27
Let y(s) = -s**3 + 77*s**2 - 1329*s - 32. Determine y(26).
-110
Let g(t) = -2144*t + 194784. Give g(91).
-320
Let w(c) = -130*c - 2164. Determine w(-17).
46
Let w(v) = -366801*v - 16872841. What is w(-46)?
5
Let c(u) = u**2 + 82*u + 1381. What is c(-31)?
-200
Let y(a) = 77*a**2 - 3619*a - 110. What is y(47)?
-110
Let d(q) = -q**2 + 2631*q + 37068. What is d(-14)?
38
Let d(n) = 2*n**3 + 4*n**2 - 12*n + 15. Give d(-3).
33
Let m(g) = g**2 - 1373*g + 128346. Calculate m(101).
-126
Let f(j) = -j**2 + 597*j + 7199. Calculate f(-12).
-109
Let f(m) = -1749*m**2 + 8846*m + 1. What is f(5)?
506
Let k(r) = r**3 + 102*r**2 + 1145*r - 1276. What is k(-89)?
-208
Let r(m) = 2*m**2 + 195*m + 2678. Determine r(-70).
-1172
Let y(p) = -36*p**2 + 7889*p - 1075. Give y(219).
20
Let y(h) = 224*h + 7744. Give y(-35).
-96
Let y(p) = 27684*p + 2685343. Determine y(-97).
-5
Let i(z) = -z**2 - 62*z + 6646. Determine i(-123).
-857
Let q(p) = -849*p - 4941. Determine q(-5).
-696
Let u(p) = -135*p**2 + 15*p + 25. Give u(-2).
-545
Let q(w) = -w**3 - 60*w**2 - 727*w + 142. Calculate q(-43).
-30
Let t(q) = -627*q**2 + 3646*q + 552. Calculate t(6).
-144
Let f(l) = -2*l**3 - 5*l**2 - 6831*l - 7. Calculate f(0).
-7
Let g(u) = 146*u + 9717. Calculate g(-65).
227
Let v(a) = 2*a**3 - 147*a**2 - 183*a - 3145. Determine v(75).
5
Let v(j) = -1410*j - 73242. Calculate v(-52).
78
Let i(b) = 15*b**3 + 287*b**2 + 35*b - 44. What is i(-19)?
13
Let z(n) = n**3 - 45*n**2 + 220*n - 12274. Determine z(46).
-38
Let x(m) = -2*m**2 + 5437*m + 159361. What is x(-29)?
6
Let u(t) = -30364*t + 546565. Give u(18).
13
Let l(b) = b**3 - 1991*b**2 + 11919*b - 51. Give l(6).
3
Let f(v) = -57735*v + 1212658. Give f(21).
223
Let z(x) = -881*x + 30050. Determine z(34).
96
Let l(b) = -252329*b - 4. Calculate l(0).
-4
Let v(m) = -m**3 + 125*m**2 + 780*m - 82409. What is v(126)?
-5
Let h(c) = c**3 - 163*c**2 - 96*c - 11309. What is h(164)?
-157
Let x(j) = -8060*j + 572275. Determine x(71).
15
Let t(k) = -18*k**2 + 2400*k - 2398. Determine t(1).
-16
Let q(h) = 298*h**2 - 28319*h + 853. Determine q(95).
-2
Let l(i) = -3*i**3 + 13*i**2 + 75*i + 43. Give l(8).
-61
Let m(l) = 943*l - 69614. Give m(78).
3940
Let z(u) = 154*u + 9014. Calculate z(-37).
3316
Let h(y) = y**2 + 325*y - 666651. What is h(670)?
-1
Let b(m) = 1584*m - 30527. Determine b(20).
1153
Let j(u) = -269*u + 77931. Give j(289).
190
Let d(k) = 11*k**3 + 16*k**2 - 112*k + 64. Calculate d(6).
2344
Let n(y) = -1552*y - 69864. Calculate n(-45).
-24
Let r(t) = -670*t + 3745. Determine r(4).
1065
Let z(h) = h**3 + 239*h**2 + 903*h - 8685. Determine z(-235).
10
Let t(n) = -3608461*n + 32476145. Calculate t(9).
-4
Let o(q) = 5777*q + 63417. What is o(-11)?
-130
Let f(x) = -6*x**2 - 6124*x - 507595. Give f(-91).
3
Let i(x) = -13304*x - 758332. Determine i(-57).
-4
Let r(k) = k**3 + 201*k**2 + 1501*k + 344017. Determine r(-202).
11
Let w(m) = 21*m**2 - 155*m - 3613. Give w(-10).
37
Let r(h) = 8875*h - 62237. Give r(7).
-112
Let k(q) = -4*q**2 - 120*q - 534. Calculate k(-5).
-34
Let q(c) = -17*c**2 - 14410*c - 221318. Calculate q(-832).
-6
Let s(o) = -918*o**2 + 12861*o - 129. What is s(14)?
-3
Let q(h) = 67960*h - 4349427. Determine q(64).
13
Let b(o) = -2*o**3 + 15*o**2 + 3526*o - 21222. Give b(6).
42
Let v(b) = -21407*b + 599392. Calculate v(28).
-4
Let g(k) = -k**3 + 172*k**2 + 3209*k + 569. Calculate g(189).
-187
Let h(t) = -4*t**3 + 5*t**2 + 60*t - 17. Give h(-6).
667
Let r(t) = t**2 - 1258*t + 7545. Calculate r(1252).
33
Let k(s) = -2*s**3 + 232*s - 618. Determine k(9).
12
Let g(z) = z**3 + 43*z**2 - 703*z - 30225. Give g(-43).
4
Let d(r) = -r**2 - 264*r - 19595. Determine d(-104).
-2955
Let v(y) = -3928*y - 102027. Give v(-26).
101
Let y(n) = n**3 + 23*n**2 - 8*n - 1041. What is y(-20)?
319
Let g(z) = z**3 - 24*z**2 - 215033*z + 5160790. Give g(24).
-2
Let d(q) = q**3 + 278*q**2 - 2017*q - 6253. What is d(-285)?
17
Let o(w) = -w**2 - 449*w + 6373. Determine o(13).
367
Let b(z) = -6795*z - 47916. What is b(-7)?
-351
Let q(r) = r**3 - 48*r**2 + 975*r - 61486. Give q(52).
30
Let n(j) = -2*j**3 - 15*j**2 - 179*j - 363. What is n(-5)?
407
Let j(g) = -7*g**2 + 4515*g + 55481. Calculate j(657).
293
Let i(k) = -5*k**2 - 787*k - 356. Determine i(-157).
-42
Let s(p) = -2*p**3 + 199*p**2 + 2567*p - 1545. Determine s(111).
9
Let w(c) = -c**2 - 526*c + 82130. Calculate w(126).
-22
Let k(s) = 2*s**3 + 4222*s**2 + 16806*s - 105346. Calculate k(-2107).
4
Let x(m) = -930*m - 278055. Give x(-299).
15
Let g(m) = 3265*m + 52324. Give g(-16).
84
Let v(w) = 6*w**3 - 140*w**2 - 145*w + 754. What is v(24)?
-422
Let j(m) = 4447*m - 62263. Calculate j(14).
-5
Let l(k) = 6633*k - 38181. What is l(6)?
1617
Let k(y) = 5149*y - 196. What is k(0)?
-196
Let m(d) = -3*d**2 + 1240*d - 2840. Give m(412).
-1192
Let k(j) = -1283*j - 38543. Calculate k(-30).
-53
Let x(l) = -2*l**2 + 1149*l - 160158. Determine x(238).
16
Let n(y) = -y**3 + 8*y**2 - 26*y + 8. Calculate n(8).
-200
Let c(u) = -u**3 - 243*u**2 + 278*u + 8226. Give c(-244).
-70
Let u(m) = -m**2 + 653*m + 82187. Give u(-108).
-1
Let v(p) = -p**3 + 42*p**2 - 266*p - 243. Give v(34).
-39
Let z(x) = -1432*x - 55889. What is z(-39)?
-41
Let a(p) = -26503*p + 265040. Calculate a(10).
10
Let g(n) = 46*n**2 + 369*n - 2263. What is g(7)?
2574
Let i(a) = 10932*a - 65615. Determine i(6).
-23
Let k(n) = -n**2 + 29125*n + 699571. Give k(-24).
-5
Let z(p) = 101*p**2 + 5763*p + 493. Determine z(-57).
151
Let v(i) = i**3 + 601*i**2 - 43295*i + 325. Calculate v(65).
0
Let o(y) = y**3 - 58*y**2 - 176*y - 923. Give o(61).
-496
Let j(i) = -145*i - 767. Determine j(-5).
-42
Let f(k) = 516*k - 208. Determine f(4).
1856
Let n(j) = 20300*j + 202997. What is n(-10)?
-3
Let h(w) = -3*w**3 + 625*w**2 - 4425*w + 643. Calculate h(201).
40
Let a(i) = 1338*i - 15871. Calculate a(12).
185
Let u(a) = -311*a + 19056. Determine u(62).
-226
Let v(x) = -1538*x - 3142. What is v(-2)?
-66
Let y(j) = 5*j**2 + 392*j + 1607. What is y(-74)?
-21
Let t(c) = 2285*c + 180515. What is t(-79)?
0
Let i(f) = -12181*f - 6821366. Calculate i(-560).
-6
Let t(r) = -r**2 - 927*r - 7471. Determine t(-8).
-119
Let i(u) = -4*u**3 + 145*u**2 - 1305*u - 226. Give i(16).
-370
Let p(m) = -10*m**3 + 42*m**2 - m - 1. Calculate p(4).
27
Let u(x) = 13979*x - 195703. What is u(14)?
3
Let w(s) = 4*s**2 + 36*s + 253. Calculate w(-4).
173
Let n(k) = 3850*k + 10005. What is n(-3)?
-1545
Let k(y) = -4*y**2 - 59*y - 18. Determine k(-22).
-656
Let k(q) = 131*q**3 + 15*q**2 - 297*q - 311. What is k(-1)?
-130
Let i(h) = -7*h**2 + 96*h + 1455. Calculate i(23).
-40
Let i(r) = 2*r**3 - 173*r**2 - 910*r + 41415. Give i(89).
30
Let w(h) = 116*h + 20990. Give w(-180).
110
Let x(b) = 6*b**2 + 267*b + 11. Determine x(-44).
-121
Let z(i) = 85*i**3 - 844*i**2 - 49*i - 122. Calculate z(10).
-12
Let a(m) = -1377*m + 378666. Calculate a(275).
-9
Let m(f) = -8*f**2 - 245*f - 1999. Calculate m(-16).
-127
Let m(b) = -921*b**3 - 9*b - 7. Calculate m(-1).
923
Let g(t) = 139*t - 2556. Give g(20).
224
Let n(j) = 162610*j - 325163. Calculate n(2).
57
Let q(w) = 25*w - 76. What is q(30)?
674
Let u(g) = -294862*g - 2653752. Give u(-9).
6
Let h(q) = -q**3 + 72*q**2 + 4024*q - 116. Determine h(-37).
217
Let m(l) = -2*l**3 - 411*l**2 - 5185*l - 111. Determine m(-192).
81
Let a(o) = 47*o**3 - 8605*o**2 + 734*o - 340. Calculate a(183).
26
Let h(j) = 30*j - 3720. Calculate h(128).
120
Let g(l) = -11*l**2 + 1295*l - 406. What is g(118)?
-760
Let j(c) = 4*c**2 - 2886*c + 20240. What is j(7)?
234
Let z(h) = 954*h - 4744. Calculate z(5).
26
Let q(j) = 1201*j - 736. Calculate q(1).
465
Let l(m) = 4*m**2 - 4487*m + 4467. What is l(1)?
-16
Let v(k) = -3*k**3 + 143*k**2 - 161*k + 18. Determin